divided by o?
2
Let h = 6 - 4. Suppose 0 = -w - 3 - 2, -5*w = -h*l + 27. Calculate the remainder when ((-2)/(-1))/2*2 is divided by l.
0
Suppose 3*m - 62 = -4*c - 0*c, -2*c - m = -30. What is the remainder when c is divided by 8?
6
Let x be (-1 - -2)/(0 - 1). Let s be x/((-3)/(9/(-1))). What is the remainder when 20 is divided by 7 - 0/(1 + s)?
6
Suppose 6*v - 2*v = -3928. What is the remainder when 84 is divided by v/(-34) + 12/102?
26
Suppose q + 3*n = -0 + 12, -n = -4*q + 22. Let g(w) = 14*w + 6. What is the remainder when g(q) is divided by 31?
28
Let v(m) = 2*m - 4. Let o be v(3). Suppose c - 12 = -o*c. Suppose c*l - 125 = -3*f - 44, 3*f + 5*l = 84. What is the remainder when 68 is divided by f?
22
Suppose 0 = 4*p - 7*p + 27. Let i be 4/(-14) - (-6)/21. Let r = 5 + i. What is the remainder when p is divided by r?
4
Suppose 2*c - 3*c - 2*i = -15, -i = -5*c + 20. Calculate the remainder when c is divided by 4.
1
Let v = 332 - 160. Calculate the remainder when v is divided by 35.
32
Suppose 0 = -a - 4*x + 2*x + 23, -5*a = -x - 60. Suppose p - 21 + 13 = 0. Calculate the remainder when a is divided by p.
5
Let j be (-1)/(-1) - 1 - -49. Let l = j + -35. Suppose 0 = -0*a - 2*a + 16. Calculate the remainder when l is divided by a.
6
Let x = -17 + -2. Let p = x - -13. What is the remainder when 24/p*38/(-8) is divided by 7?
5
Suppose 3 = -x + 7. Suppose 2*g - 48 = -2*q, -x*q - g + 43 + 41 = 0. Let c(v) = 4*v**2 - 3*v + 5. What is the remainder when c(4) is divided by q?
17
Suppose -5*p + 2*z + 269 = -z, 0 = -4*p - 3*z + 226. What is the remainder when p is divided by 19?
17
Let g = -149 - -236. Suppose 2*r + 36 = 2*w, -w + r = 3*w - g. Calculate the remainder when w is divided by 8.
7
Suppose -c + 3*c - 22 = 0. Calculate the remainder when 40 is divided by c.
7
Let r be 67 + -1 - 2 - -3. Suppose -3*z + 26 = -r. Calculate the remainder when z is divided by 16.
15
Let r be 23/4 - (-2)/8. Suppose 2*y = -2*i + r, -7*i + 2*i = 0. Let w = 1 + 1. What is the remainder when y is divided by w?
1
Calculate the remainder when 366/(-15)*5/(-2) is divided by 32.
29
Suppose 836 + 2699 = -3*w - 2*z, w + 3*z + 1190 = 0. Calculate the remainder when w/(-20) + 3/12 is divided by 12.
11
Let g(z) be the second derivative of 2*z**3 - z**2/2 - 2*z. What is the remainder when 19 is divided by g(1)?
8
Let l(n) = n**2 - 3*n + 6. Suppose 5*q + 3*v - 133 = 0, -q = 4*q - 2*v - 153. What is the remainder when q is divided by l(4)?
9
Let o(x) = -x**3 + 6*x**2 + 9*x - 5. Calculate the remainder when o(5) is divided by 112/5 - (-4)/(-10).
21
Suppose 0 = c + 134 - 137. What is the remainder when c is divided by (1 + 0)*(-2)/(-1)?
1
Let q(o) = -o**3 - 8*o**2 + 10*o + 4. Let f be q(-9). Let n(h) = -9*h - 1. Calculate the remainder when n(f) is divided by 15.
14
Let p be 405/(-10) - (-2)/4. Let d = -27 - p. Let q = 12 - 5. Calculate the remainder when d is divided by q.
6
Suppose 0 = -2*a + 25 + 11. What is the remainder when a is divided by 11?
7
Let r(q) = -2*q - 2*q + 5*q + 3. Let p(m) = 8*m**3 + m**2 - m. Let o be p(1). What is the remainder when 21 is divided by r(o)?
10
Let m = 11 - 7. Suppose 3*x + w = m*x - 15, 2*w = 5*x - 75. Calculate the remainder when x is divided by -6*(-1)/((-2)/(-3)).
6
Let f(c) = -c**3 + 5*c**2 + 8*c + 2. Suppose 5*b + 4*s - 29 = 0, -1 = s - 2*s. Calculate the remainder when f(6) is divided by b.
4
Let r = 21 - 5. Let x be ((-31)/2)/(2/(-4)). Let u = x + 16. Calculate the remainder when u is divided by r.
15
Let j(c) be the third derivative of -c**5/60 - 7*c**4/12 - 13*c**3/6 - c**2. What is the remainder when 32 is divided by j(-12)?
10
Suppose -11 = -3*p + 520. What is the remainder when p is divided by 60?
57
Let o be -2 - -1*16 - -1. Calculate the remainder when 40 is divided by (84/o)/(4/10).
12
Let r(i) = 2*i**2 + 1. Let y be r(-2). Let n = y - -14. Calculate the remainder when n is divided by 12.
11
Suppose -r + 11 = f, -5*f + 55 = 5*r - 2*f. What is the remainder when r is divided by 6?
5
Let n = 77 + -64. What is the remainder when 23 is divided by n?
10
Let s be (-3 - 11)/(0 - 1). Suppose -n + 2 = -s. Calculate the remainder when 30 is divided by n.
14
Let u(j) = -j. Let h be u(-3). Suppose 0 = h*v - 77 - 10. Suppose 2*z = -4*c + 34, z - 15 = -5*c + v. What is the remainder when 33 is divided by c?
6
Suppose 0 = -g + 6*g + 2*k - 113, -88 = -4*g - 4*k. What is the remainder when 64 is divided by g?
18
What is the remainder when 17 is divided by 2/8 + (-234)/(-24)?
7
Calculate the remainder when 42 is divided by 44/(-16)*3*(-12)/9.
9
Suppose 0 = -2*l - 12 + 54. Calculate the remainder when 61 is divided by l.
19
Let b(r) = r + 7. What is the remainder when 41 is divided by b(7)?
13
Suppose 0*q = -2*q - 104. Let l = 106 + q. Suppose 0 = -6*w + 3*w + l. Calculate the remainder when 34 is divided by w.
16
Let n = 360 - 348. Suppose -2*f = -61 - 31. Calculate the remainder when f is divided by n.
10
Let t = -5 - -9. Let k(r) = 2*r + 3. Calculate the remainder when 31 is divided by k(t).
9
Suppose -100 = -4*z + 68. Calculate the remainder when z is divided by 15.
12
Suppose 0 = -5*s - 4*i - 76, 4*s + i + 59 = -4*i. Let x = 17 + s. Calculate the remainder when (-2)/(-3) + 7/3 is divided by x.
0
Let b(q) be the second derivative of -q**5/20 - 2*q**4/3 - 2*q**3/3 - 17*q**2/2 + q. Calculate the remainder when 42 is divided by b(-8).
12
Suppose -6 = -z - 0. What is the remainder when 10 is divided by z?
4
Suppose -4*a - a + 105 = 0. Suppose 0 = b - 3*y + 12, 9*b = 5*b + 3*y - 3. Suppose 4*r - 11 = b*r. Calculate the remainder when a is divided by r.
10
What is the remainder when -6 - (-3 - 1) - (-11 + 1) is divided by 5?
3
Let r(s) = -s**3 - 6*s**2 - 5*s - 2. What is the remainder when r(-7) is divided by 21?
19
Let m(d) = -5*d + 1. Let y be m(-1). Let l(f) = -y + 1 + f**2 - f + 0*f. Calculate the remainder when 12 is divided by l(4).
5
Let d = 62 - 44. Let m(p) = 11*p + 2. Calculate the remainder when m(3) is divided by d.
17
Let u(s) = -29*s + 3. What is the remainder when u(-1) is divided by 7?
4
Suppose 0 = 4*o + 40 - 304. Let p = -39 + o. Calculate the remainder when p is divided by 14.
13
Suppose 5*y + 0*z - 30 = 5*z, -5*z + 69 = 4*y. Let u be (-5)/4*(-4)/1. Let w = y - u. Calculate the remainder when w is divided by 4.
2
Let j = 1 - 1. Suppose 4*r = -5*l + 43, -r + 2*r + 4*l - 19 = j. What is the remainder when (-2)/(-1 - 51/(-57)) is divided by r?
5
Let c(o) = -3*o**3 - 6*o**2 - 4*o. Let r(y) = -y**3 - y**2 - y. Let d(l) = c(l) - 5*r(l). What is the remainder when d(3) is divided by 17?
14
Suppose -3*y - 2*p = -p - 53, -3*y + 58 = 2*p. Calculate the remainder when y is divided by 6.
4
Let z be 1/2 - 4/(-8). Calculate the remainder when (45 - -3) + 1 + z is divided by 17.
16
Let c(k) = 3*k - 2. Let x be (-32)/(-6) + (-2)/(-3). What is the remainder when c(7) is divided by (60/16)/(x/16)?
9
Suppose 4*z - 160 = -6*z. Calculate the remainder when 45 is divided by z.
13
Let s(t) = t**2 + 5*t + 14. Calculate the remainder when 46 is divided by s(-4).
6
Suppose 0 = -3*f + 3*j + 18, 4*j - 57 = -0*f - 5*f. Calculate the remainder when 50 is divided by f.
5
Let q(h) = h**2 - 13*h + 16. Let t be q(12). What is the remainder when -1*(0 + t)*-5 is divided by 11?
9
Suppose -5*d = -8*d + 42. Let x be (-1)/(1 + 9/(-6)). Suppose -2*j + x = -2*c, -2*c + 7*c = -4*j + 40. What is the remainder when d is divided by j?
4
Suppose 10 = 5*b, 2*b = 2*d - 2*b - 84. Let v be (-2)/(-3) + 130/(-6). Let p = d + v. Calculate the remainder when p is divided by 9.
7
Suppose 4*o - 109 + 21 = 0. Let r be 2/(-1) + 19/1. Let l = -9 + r. Calculate the remainder when o is divided by l.
6
Suppose -m - 125 = -6*m. Suppose 0 = 7*y - 2*y - m. Suppose 4*i + p = 143, -2*p = -p + y. Calculate the remainder when i is divided by 13.
11
Calculate the remainder when ((-6)/(-6) - 3) + 168 is divided by 56.
54
Suppose -108 = -3*l - 3*u, -l + 5*u + 68 = 2*l. Calculate the remainder when l is divided by 11.
9
Suppose -2*g = -29 - 5. Calculate the remainder when 50 is divided by g.
16
Calculate the remainder when (-1 - (-1)/(-3))*(-108 - 15) is divided by 28.
24
Let v = 10 + -8. Suppose -v*g + 0*p + 40 = 3*p, -g + 5*p + 33 = 0. What is the remainder when g is divided by (2 + -1)/((-2)/(-26))?
1